. Suppose c = -5*y + 5*c + 61, -4*y + 53 = c. What is the remainder when y is divided by q?
1
What is the remainder when 193 is divided by (13/2)/(2/4)?
11
Let u(s) be the second derivative of s**5/20 + s**4/4 - s**3/6 - 2*s**2 + 28*s. Calculate the remainder when 2 is divided by u(-2).
0
Let v(z) = z**3 - 22*z**2 + 2*z + 66. Calculate the remainder when 544 is divided by v(22).
104
Suppose 5*j + 2*w = 5*w - 9, 12 = 4*w. Suppose -q + 3*q - 48 = j. Calculate the remainder when (-2)/(-9) - (-421)/9 is divided by q.
23
Let m = 31 - 70. Calculate the remainder when ((-24)/(-3))/(6*(-1)/m) is divided by 14.
10
Suppose 3*w + 3*g + g - 445 = 0, 5*w - 4*g = 795. Calculate the remainder when w is divided by 79.
76
Suppose -88 = 5*t - 9*t. Let w = t + -14. What is the remainder when w is divided by 5?
3
What is the remainder when 2782 is divided by (-6)/30 - 2784/(-120)?
22
Let o(h) = 6*h**2 + 5*h - 2. Let t(f) = 2*f - 1. Let n(b) = 7*b + 24. Let s(r) = -n(r) + 2*t(r). Calculate the remainder when o(-4) is divided by s(-15).
17
Suppose -3*h = 5*l - 30, 8*l - 4*l - 24 = h. What is the remainder when 93 is divided by l?
3
Calculate the remainder when 84 is divided by 78/(-15)*20/(-8).
6
Let h = -129 - -213. Suppose -2*c + j - 168 = -6*c, -2*c = 5*j - h. What is the remainder when c is divided by 15?
12
Suppose 0 = -5*w + 2*m - 6*m + 50, 0 = -m. What is the remainder when 18 is divided by w?
8
Suppose -4*c = -3*c. Let x(a) = -2*a - 71. Let n be x(c). Let r = -5 - n. Calculate the remainder when r is divided by 35.
31
Let v(b) = b**2 - 14*b + 22. Calculate the remainder when v(25) is divided by 12.
9
Suppose 134*u - 156*u = -3498. Calculate the remainder when u is divided by 27.
24
Suppose -4*a + 5 = -t - 15, 18 = 5*a - 3*t. Suppose 0 = -4*q + a*q - 8. What is the remainder when 11 is divided by q?
3
Suppose -4*k - 429 = -7*k - 4*h, -4*k = 5*h - 573. Calculate the remainder when k is divided by 30.
27
Suppose 17*h + 15 = 22*h. What is the remainder when ((-10)/(-4))/((9/30)/h) is divided by 10?
5
Let h(l) = -82*l + 1234. Calculate the remainder when 6/27 + 158/18 is divided by h(15).
1
What is the remainder when 154 is divided by 4/(-58) + 78177/2001?
37
Suppose -4*s + 4*w = -32, -s + 2*w + 1 = -10. Let h(n) = 6*n - 16. What is the remainder when 40 is divided by h(s)?
12
Let d = -328 + 490. Let u = d + -61. What is the remainder when u is divided by 26?
23
Let r = 127 - 77. Suppose -4*k = 4*w - 48, 5*w - k - 28 = r. Let g = -10 - -16. What is the remainder when w is divided by g?
3
Suppose -6*u + 377 + 277 = 0. What is the remainder when u is divided by 23?
17
Let m = 63 - 30. Let n = 224 - 233. Calculate the remainder when (m - 1) + 36/n is divided by 15.
13
Let w(b) = 5. Let g(f) = -f - 11. Let y(z) = -3*g(z) - 5*w(z). Let q be y(-3). Calculate the remainder when 1/(((-5)/25)/q) is divided by 3.
2
Suppose 2*l - 6*l = -416. Calculate the remainder when l is divided by 29.
17
Let v = -1 - -58. Suppose -5*w = 4*d - v, -d - 13 + 1 = -4*w. What is the remainder when (2 + -4 - -33)/1 is divided by d?
7
Let i = -1392 - -1490. Calculate the remainder when i is divided by 5.
3
Let s = -29 + 50. Let y be 2*(-9 - 8/(-4)). Let r = y + 54. Calculate the remainder when r is divided by s.
19
Suppose -g = 11*g - 240. What is the remainder when 197 is divided by g?
17
Let c = 1038 - 746. What is the remainder when c is divided by 93?
13
Suppose -j - 2*j + 52 = 4*p, -2*j = -5*p - 27. What is the remainder when 364 is divided by j?
12
Let s = -434 + 438. Suppose 0 = 2*z - z - 4, -2*t - 4*z = -24. Suppose v + 100 = 5*n, -t*v - 24 = -n - 3*v. What is the remainder when n is divided by s?
3
Suppose 284*h - 299*h - 15 = 0. Let o(t) = 8*t**2 - 2*t + 2*t. Calculate the remainder when 31 is divided by o(h).
7
Let j = 20 - 16. Suppose j*w + 112 = 8*w. Let r = w + -14. Calculate the remainder when r is divided by 9.
5
Let a(n) be the third derivative of n**5/5 - n**3/6 + 8*n**2. Let c be a(1). Suppose -o + 53 = -c. Calculate the remainder when o is divided by 17.
13
Let h(i) = i**3 + 14*i**2 + 3*i + 68. Calculate the remainder when 222 is divided by h(-14).
14
Suppose -5*y + 13 = -3*q, q + 2 = -4*y + 9. Suppose -3*d - 919 = 24*d - 1054. What is the remainder when d is divided by y?
1
Suppose 4*g + 155 - 247 = 0. What is the remainder when 252 is divided by g?
22
Let o be (-16)/(-2)*(-1 - 0)*1. Calculate the remainder when (-516)/o + 3/(-6) is divided by 5.
4
Let u(y) = -2*y**3 + 40*y**2 - 35*y + 5. What is the remainder when u(19) is divided by 3?
2
Let t(u) be the third derivative of -u**4/3 - 13*u**3/6 - 339*u**2. Suppose -12 = n + 3*n. What is the remainder when t(n) is divided by 6?
5
Let p = 103 - 95. Suppose 13 = -2*r + 3*r. Calculate the remainder when r is divided by p.
5
Suppose 2*w = 63 - 25. Suppose 15*s - 21*s = -444. What is the remainder when s is divided by w?
17
Let c = 14 - 19. Let n = c - -12. What is the remainder when 20 is divided by n?
6
Let c = 29 + -19. Calculate the remainder when c/(-2) + 2 + (27 - 2) is divided by 3.
1
Let g be -1*(2 + (-447)/(-3)). Let a = g - -284. Calculate the remainder when a is divided by 27.
25
Let q = 36 - 22. What is the remainder when 6/2 + (56 - 6) is divided by q?
11
Suppose 5*f - 18*f = -429. What is the remainder when 159 is divided by f?
27
Suppose 0 = -59*z + 82*z - 230. Calculate the remainder when 297 is divided by z.
7
Let f = -2042 - -2062. What is the remainder when 137 is divided by f?
17
Suppose -1863 = -5*m + 35*f - 31*f, -4*m + 1515 = 5*f. Calculate the remainder when m is divided by 20.
15
What is the remainder when 28 is divided by 24 + (-6 - -5)*1?
5
What is the remainder when 39 is divided by (280/21)/(2*(-3)/(-9))?
19
Let h(q) = 21*q**2 - 9*q + 10. Calculate the remainder when (-3)/(-2)*170/3 is divided by h(1).
19
Let t = 444 + -241. Calculate the remainder when t is divided by 67.
2
Suppose 5*h - 768 = -h. Calculate the remainder when h is divided by 10.
8
Suppose -2*d - 3*d = -2*u - 165, 4*d = 5*u + 149. Let x(i) = -3*i - d + 31. Calculate the remainder when 12 is divided by x(-1).
0
Suppose 2*q - 644 = 3*u, 2*q = 24*u - 23*u + 648. Calculate the remainder when q is divided by 111.
103
Let o(u) be the first derivative of -u**2/2 + 20*u - 4. What is the remainder when o(-19) is divided by 11?
6
Suppose -8*n = 95 + 161. Let p = -22 - n. What is the remainder when 12 is divided by p?
2
Let a(n) = -n**2 + 16*n - 9. Let m be a(15). Let s = m + 6. Calculate the remainder when 20 is divided by s.
8
Suppose -y - 3*k - k - 12 = 0, -3*y - 2*k = 16. Let u be ((-18)/4)/(2/y). Let p = 85 + u. What is the remainder when p is divided by 24?
22
Suppose -2*x - 5*y = -138, 39 = 2*x + 3*y - 91. What is the remainder when x is divided by 24?
11
Suppose -8 = 4*c + 5*p, 4*c - 3*p = -c + 27. Suppose -80 = c*i - 338. What is the remainder when i is divided by 29?
28
What is the remainder when 4/(-64) - 69132/(-192) is divided by 125?
110
Let d = 79 + -75. Calculate the remainder when (7 - -5)/d - -24 is divided by 14.
13
Suppose 0 = 12*a + 4919 + 385. What is the remainder when 5/(-25) - 2*a/20 is divided by 20?
4
Let j(q) = -q**3 - 10*q**2 - 9*q + 1. Let l be j(-9). Let s = l + 1. Suppose 3*x - 6 = -s*o + 2*x, x = o - 3. What is the remainder when 7 is divided by o?
1
Let b(r) = -r**2 + 11*r - 15. Let s be b(8). Suppose -s*o - 60 = -14*o. What is the remainder when 23 is divided by o?
11
Let u(o) = o**2 + 10*o + 6. Calculate the remainder when 42 is divided by u(-12).
12
Suppose -4*y = -4 - 4. Suppose -5*m + 70 = -45. What is the remainder when (-2)/(y/1) - -90 is divided by m?
20
Calculate the remainder when 87 is divided by 1 + 6/(-10) + 10234/215.
39
Suppose -2*x + 3*x - 33 = -2*p, 4*p = -5*x + 57. What is the remainder when 35 is divided by p?
17
Let p = 735 + -694. Let v = 211 - 48. What is the remainder when v is divided by p?
40
Let t = 1 + 1. Let r(i) = 2*i + 4. Let x(d) = -d - 3. Let g(s) = t*r(s) + 3*x(s). Calculate the remainder when 4 is divided by g(3).
0
Let a be (15/(360/(-64)))/(2/(-6)). Suppose 48 = -2*z + a*z. What is the remainder when z is divided by 3?
2
Let p(v) = 2*v + 14. Let d be p(0). Let s = -9 + d. Suppose 4*m - s = -2*k + 3, -5*m = -2*k + 44. Calculate the remainder when 34 is divided by k.
10
L